 49 and 1?
1
What is the highest common factor of 456 and 3496?
152
Calculate the greatest common divisor of 66 and 594.
66
What is the highest common factor of 6357 and 117?
39
What is the greatest common divisor of 2509 and 26?
13
What is the highest common factor of 70 and 19830?
10
Calculate the greatest common divisor of 215 and 903.
43
What is the greatest common factor of 45 and 105?
15
What is the greatest common divisor of 52 and 1534?
26
Calculate the greatest common divisor of 8643 and 201.
201
What is the greatest common factor of 252 and 315?
63
Calculate the greatest common divisor of 460 and 250.
10
Calculate the greatest common factor of 15 and 1545.
15
What is the highest common divisor of 63 and 45?
9
Calculate the greatest common factor of 1552 and 25220.
388
Calculate the greatest common factor of 27 and 387.
9
What is the highest common divisor of 22 and 704?
22
Calculate the highest common factor of 96 and 708.
12
Calculate the greatest common divisor of 364 and 169.
13
What is the highest common factor of 8 and 216?
8
What is the greatest common divisor of 2482 and 153?
17
What is the greatest common divisor of 112 and 266?
14
What is the highest common factor of 56 and 994?
14
What is the highest common factor of 32 and 288?
32
What is the greatest common factor of 360 and 60?
60
Calculate the highest common factor of 350 and 1071.
7
Calculate the highest common factor of 125 and 300.
25
Calculate the highest common factor of 208 and 169.
13
Calculate the greatest common factor of 13 and 221.
13
What is the highest common divisor of 72 and 21906?
18
Calculate the highest common factor of 2 and 274.
2
Calculate the highest common factor of 348 and 36.
12
Calculate the greatest common divisor of 31 and 2573.
31
What is the greatest common factor of 183 and 2623?
61
Calculate the greatest common factor of 738 and 2870.
82
What is the highest common factor of 5366 and 2?
2
What is the highest common divisor of 68 and 12?
4
Calculate the greatest common factor of 957 and 696.
87
What is the greatest common factor of 992 and 2848?
32
What is the greatest common factor of 50 and 1025?
25
Calculate the highest common factor of 3 and 1009.
1
What is the greatest common factor of 114 and 152?
38
Calculate the highest common factor of 168 and 13496.
56
What is the highest common factor of 22 and 154?
22
What is the highest common factor of 9600 and 75?
75
What is the highest common divisor of 220 and 176?
44
What is the highest common factor of 1770 and 15?
15
What is the greatest common divisor of 11796 and 12?
12
Calculate the greatest common factor of 85 and 1670.
5
What is the greatest common factor of 147 and 3?
3
Calculate the greatest common factor of 136 and 51.
17
Calculate the greatest common divisor of 238 and 136.
34
Calculate the greatest common divisor of 182 and 28.
14
Calculate the highest common factor of 81066 and 354.
354
What is the highest common factor of 67 and 1809?
67
What is the greatest common factor of 328 and 41?
41
Calculate the greatest common divisor of 2350 and 188.
94
What is the highest common factor of 207 and 18?
9
Calculate the highest common factor of 92 and 23.
23
Calculate the greatest common factor of 7 and 14.
7
Calculate the greatest common divisor of 17 and 10931.
17
Calculate the highest common divisor of 20 and 11230.
10
What is the greatest common divisor of 676 and 520?
52
What is the highest common factor of 342 and 1178?
38
Calculate the greatest common factor of 1562 and 426.
142
Calculate the highest common factor of 12 and 18.
6
Calculate the greatest common divisor of 31 and 527.
31
Calculate the highest common divisor of 1102 and 116.
58
Calculate the greatest common factor of 117 and 286.
13
Calculate the highest common factor of 6 and 2.
2
What is the greatest common divisor of 39 and 611?
13
Calculate the highest common factor of 18265 and 13.
13
What is the greatest common divisor of 70 and 680?
10
Calculate the greatest common factor of 12 and 2526.
6
What is the greatest common divisor of 26 and 611?
13
Calculate the greatest common divisor of 5213 and 13.
13
What is the highest common factor of 172 and 4?
4
Calculate the greatest common divisor of 156 and 3.
3
Calculate the greatest common factor of 2599 and 69.
23
What is the greatest common divisor of 162 and 1125?
9
What is the greatest common divisor of 13 and 4771?
13
What is the highest common divisor of 475 and 380?
95
Calculate the highest common factor of 90 and 1290.
30
What is the highest common divisor of 3443 and 44?
11
Calculate the greatest common divisor of 984 and 696.
24
Calculate the highest common divisor of 33 and 759.
33
Calculate the greatest common factor of 3 and 11145.
3
Calculate the highest common divisor of 143 and 220.
11
Calculate the greatest common divisor of 230 and 138.
46
What is the highest common divisor of 1113 and 3498?
159
What is the highest common factor of 11 and 737?
11
Calculate the greatest common factor of 752 and 235.
47
What is the highest common factor of 1664 and 117?
13
What is the highest common factor of 1717 and 17?
17
Calculate the highest common divisor of 12027 and 57.
57
Calculate the highest common factor of 30 and 285.
15
What is the greatest common divisor of 105 and 3528?
21
What is the greatest common divisor of 3161 and 109?
109
What is the highest common factor of 118 and 59?
59
Calculate the highest common factor of 944 and 16.
16
What is the highest common divisor of 550 and 22?
22
Calculate the greatest common divisor of 186 and 3379.
31
Calculate the highest common factor of 200 and 3800.
200
What is the highest common divisor of 192 and 15?
3
Calculate the greatest common divisor of 7560 and 9.
9
Calculate the highest common factor of 3 and 261.
3
What is the greatest common divisor of 416 and 3822?
26
Calculate the highest common factor of 256 and 7552.
128
Calculate the greatest common factor of 207 and 92.
23
What is the highest common divisor of 20 and 10910?
10
Calculate the greatest common divisor of 23 and 6463.
23
What is the greatest common divisor of 512 and 704?
64
What is the greatest common factor of 90 and 4710?
30
What is the highest common factor of 1080 and 480?
120
What is the highest common divisor of 1299 and 15?
3
What is the highest common factor of 1315 and 8153?
263
What is the highest common factor of 55 and 935?
55
What is the highest common factor of 328 and 41?
41
Calculate the highest common divisor of 44 and 13222.
22
Calculate the highest common divisor of 3835 and 1475.
295
Calculate the highest common divisor of 45 and 1320.
15
Calculate the highest common factor of 35 and 44905.
35
Calculate the greatest common factor of 23 and 1.
1
What is the highest common divisor of 68 and 5?
1
What is the greatest common divisor of 249 and 166?
83
What is the highest common factor of 858 and 1248?
78
Calculate the highest common factor of 416 and 3900.
52
What is the highest common factor of 112 and 74984?
56
What is the highest common divisor of 272 and 34?
34
Calculate the highest common factor of 552 and 96.
24
What is the greatest common divisor of 8 and 172?
4
Calculate the greatest common factor of 8 and 1192.
8
What is the greatest common divisor of 6790 and 70?
70
What is the highest common factor of 30411 and 31?
31
What is the greatest common factor of 407 and 74?
37
What is the highest common factor of 9313 and 67?
67
Calculate the highest common factor of 46 and 299.
23
What is the greatest common divisor of 8 and 2312?
8
Calculate the highest common factor of 462 and 126.
42
Calculate the highest common factor of 18 and 117.
9
Calculate the greatest common factor of 1865 and 40.
5
What is the highest common divisor of 8618 and 93?
31
What is the greatest common divisor of 264 and 3784?
88
Calculate the greatest common divisor of 477 and 9.
9
What is the highest common divisor of 55 and 25?
5
What is the highest common divisor of 1179 and 3?
3
What is the greatest common factor of 45 and 30?
15
What is the greatest common factor of 901 and 34?
17
What is the highest common divisor of 9 and 9?
9
Calculate the greatest common factor of 492 and 24.
12
Calculate the greatest common divisor of 14 and 245.
7
What is